
678
What is the remainder when 656716 is divided by 328344?
28
What is the remainder when 135271 is divided by 7194?
5779
Calculate the remainder when 368719 is divided by 73.
69
Calculate the remainder when 192794 is divided by 1938.
932
Calculate the remainder when 6675 is divided by 816.
147
Calculate the remainder when 1432023 is divided by 17678.
105
What is the remainder when 16684 is divided by 714?
262
What is the remainder when 75556158 is divided by 172?
170
Calculate the remainder when 1746860 is divided by 174684.
20
What is the remainder when 106519 is divided by 5917?
13
What is the remainder when 2255844 is divided by 1127821?
202
Calculate the remainder when 135545 is divided by 1438.
373
What is the remainder when 3280220 is divided by 251?
152
What is the remainder when 779030719 is divided by 130?
129
Calculate the remainder when 3037355 is divided by 337432.
467
What is the remainder when 164129 is divided by 793?
771
Calculate the remainder when 163328 is divided by 152003.
11325
What is the remainder when 407816 is divided by 33973?
140
What is the remainder when 106734 is divided by 232?
14
Calculate the remainder when 4163242 is divided by 121.
116
What is the remainder when 590736006 is divided by 7701?
7698
What is the remainder when 236361 is divided by 49?
34
What is the remainder when 53362 is divided by 62?
42
Calculate the remainder when 76222660 is divided by 4438.
10
Calculate the remainder when 9009094 is divided by 3003023.
25
Calculate the remainder when 151559197 is divided by 152.
149
What is the remainder when 63740212 is divided by 2655842?
4
What is the remainder when 570585 is divided by 190193?
6
Calculate the remainder when 366458 is divided by 1927.
328
Calculate the remainder when 9111153 is divided by 3037051.
0
Calculate the remainder when 4438377 is divided by 277386.
201
What is the remainder when 640203 is divided by 309?
264
What is the remainder when 1007638 is divided by 1?
0
Calculate the remainder when 51070 is divided by 4642.
8
Calculate the remainder when 32557998 is divided by 2000.
1998
What is the remainder when 487420995 is divided by 7573?
7569
Calculate the remainder when 1333995 is divided by 761.
723
Calculate the remainder when 72251 is divided by 17828.
939
Calculate the remainder when 149008415 is divided by 32.
31
Calculate the remainder when 2002758 is divided by 912.
6
What is the remainder when 322337 is divided by 1136?
849
What is the remainder when 25504 is divided by 12718?
68
Calculate the remainder when 34821044 is divided by 47247.
5
Calculate the remainder when 306504 is divided by 1278.
1062
Calculate the remainder when 2581113 is divided by 1205.
3
Calculate the remainder when 2646082 is divided by 38348.
70
What is the remainder when 4375015 is divided by 538?
537
Calculate the remainder when 69604616 is divided by 92.
84
What is the remainder when 13422261 is divided by 2684426?
131
Calculate the remainder when 22242017 is divided by 2230.
2227
What is the remainder when 4922652 is divided by 218?
212
What is the remainder when 153282 is divided by 882?
696
Calculate the remainder when 2349332 is divided by 27639.
17
What is the remainder when 30221 is divided by 252?
233
Calculate the remainder when 23976616 is divided by 765.
751
What is the remainder when 904039 is divided by 205?
194
What is the remainder when 789504 is divided by 105?
9
Calculate the remainder when 630355 is divided by 348.
127
Calculate the remainder when 2771995 is divided by 81529.
9
What is the remainder when 23272 is divided by 232?
72
What is the remainder when 6149818 is divided by 47673?
1
What is the remainder when 4162240 is divided by 1040557?
12
Calculate the remainder when 5336634 is divided by 213459.
159
Calculate the remainder when 991333 is divided by 2672.
21
What is the remainder when 1774942 is divided by 63390?
22
Calculate the remainder when 29244 is divided by 7208.
412
Calculate the remainder when 156821 is divided by 156512.
309
What is the remainder when 31008 is divided by 4693?
2850
Calculate the remainder when 288946 is divided by 21616.
7938
Calculate the remainder when 49091 is divided by 1334.
1067
Calculate the remainder when 14727013 is divided by 623.
539
What is the remainder when 76787 is divided by 3630?
557
What is the remainder when 33672858 is divided by 11?
10
What is the remainder when 210918 is divided by 48?
6
Calculate the remainder when 67192 is divided by 13291.
737
What is the remainder when 3298159 is divided by 36646?
19
Calculate the remainder when 2342924 is divided by 3027.
26
Calculate the remainder when 170454 is divided by 6155.
4269
What is the remainder when 58267953 is divided by 52118?
29
What is the remainder when 172069739 is divided by 13?
10
Calculate the remainder when 262540 is divided by 10937.
52
Calculate the remainder when 4867799 is divided by 908.
11
Calculate the remainder when 178304731 is divided by 35660943.
16
What is the remainder when 19019708 is divided by 1234?
66
What is the remainder when 163342 is divided by 2727?
2449
Calculate the remainder when 537282813 is divided by 21.
18
Calculate the remainder when 21357 is divided by 6961.
474
Calculate the remainder when 670227583 is divided by 8816.
8815
Calculate the remainder when 62886526 is divided by 1757.
1739
Calculate the remainder when 4440 is divided by 715.
150
What is the remainder when 15056333 is divided by 827?
798
What is the remainder when 7334120 is divided by 6383?
53
What is the remainder when 1709882 is divided by 64?
58
Calculate the remainder when 30332 is divided by 3923.
2871
What is the remainder when 19997 is divided by 19608?
389
What is the remainder when 1463962 is divided by 182995?
2
Calculate the remainder when 112478 is divided by 112462.
16
Calculate the remainder when 29729 is divided by 237.
104
What is the remainder when 8277369 is divided by 127344?
9
Calculate the remainder when 96959 is divided by 245.
184
Calculate the remainder when 242060 is divided by 12740.
0
What is the remainder when 654456 is divided by 654446?
10
What is the remainder when 698962 is divided by 13705?
7
Calculate the remainder when 15398 is divided by 5520.
4358
What is the remainder when 39974400 is divided by 118?
12
What is the remainder when 694290 is divided by 138854?
20
What is the remainder when 53130 is divided by 165?
0
What is the remainder when 2404212 is divided by 678?
24
Calculate the remainder when 468048 is divided by 1632.
1296
Calculate the remainder when 368819 is divided by 331.
85
What is the remainder when 323633 is divided by 64688?
193
What is the remainder when 16522031 is divided by 1107?
56
Calculate the remainder when 312409 is divided by 9187.
51
What is the remainder when 131353 is divided by 3917?
2092
Calculate the remainder when 1607075 is divided by 803305.
465
What is the remainder when 334522 is divided by 83610?
82
Calculate the remainder when 107594 is divided by 106717.
877
Calculate the remainder when 357620 is divided by 363.
65
What is the remainder when 2227 is divided by 1021?
185
Calculate the remainder when 1750090 is divided by 3103.
3101
What is the remainder when 3311508 is divided by 34139?
25
What is the remainder when 24388299 is divided by 21?
12
What is the remainder when 164993 is divided by 423?
23
Calculate the remainder when 33875 is divided by 683.
408
What is the remainder when 2216688 is divided by 443334?
18
Calculate the remainder when 13024272 is divided by 7063.
100
Calculate the remainder when 364611 is divided by 156.
39
What is the remainder when 2161812 is divided by 817?
30
Calculate the remainder when 38880 is divided by 18785.
1310
Calculate the remainder when 2137001 is divided by 41.
40
Calculate the remainder when 1466326 is divided by 25.
1
Calculate the remainder when 7608 is divided by 698.
628
Calculate the remainder when 766755 is divided by 57.
48
Calculate the remainder when 434365 is divided by 33410.
35
What is the remainder when 6075595 is divided by 867939?
22
Calculate the remainder when 9401259 is divided by 3133746.
21
What is the remainder when 277763 is divided by 20801?
7350
Calculate the remainder when 113859838 is divided by 5463.
5455
Calculate 